s -228 + -10535?
-1075d
In base 4, what is 3 + 21102021322?
21102021331
In base 2, what is -1000100101100001011101 - -11?
-1000100101100001011010
In base 9, what is 338847 + 410?
340357
In base 4, what is -3 - -20021123013200?
20021123013131
In base 3, what is -11 + 10222100021112212?
10222100021112201
In base 11, what is 9 - 1795202?
-17951a4
In base 3, what is -1120220 - -2221221210?
2220100220
In base 11, what is 71021460 + 1?
71021461
In base 14, what is 18baa + -1?
18ba9
In base 11, what is 57417260 - 0?
57417260
In base 16, what is 174ca3c0 - 2?
174ca3be
In base 6, what is 323154150525 + -5?
323154150520
In base 14, what is 2 + -51a5c?
-51a5a
In base 10, what is -36798 + -3086?
-39884
In base 12, what is 2b34382 + -5?
2b34379
In base 10, what is 352 + 266246?
266598
In base 15, what is 173 + 16195?
16318
In base 5, what is -101234 - 1300311?
-1402100
In base 3, what is -21202210 - -121210111?
100000201
In base 2, what is 11101001101000001 + 110110?
11101001101110111
In base 8, what is -135000711 - 5?
-135000716
In base 7, what is 10353 + 611035?
621421
In base 4, what is -2032001131 - -12133?
-2031322332
In base 6, what is -524 - -111044?
110120
In base 11, what is -22296482 + -3?
-22296485
In base 13, what is 1450942 + -2?
1450940
In base 15, what is -1134 + -dd39?
-ee6d
In base 13, what is 458222ac - -2?
458222b1
In base 2, what is -1001101100010110 - -111110001100?
-1000101110001010
In base 5, what is 1001012212 + 2301?
1001020013
In base 2, what is -11010000101110 - 1011?
-11010000111001
In base 5, what is -1011311 + 1024?
-1010232
In base 3, what is 10 - -10110110110221?
10110110111001
In base 5, what is -3 - -113111012333?
113111012330
In base 10, what is -8121455 + -6?
-8121461
In base 7, what is -123203 - 324123?
-450326
In base 3, what is 2101112000210221 - -10?
2101112000211001
In base 15, what is 30 - 5787?
-5757
In base 6, what is 2 - 22554332415?
-22554332413
In base 6, what is 253 + 14212542?
14213235
In base 14, what is -5b09b4b + 4?
-5b09b47
In base 6, what is -113 - -1045403?
1045250
In base 15, what is -49 - -101ad2?
101a88
In base 16, what is -1cbd9 + -d0a?
-1d8e3
In base 16, what is 8 + -6913?
-690b
In base 8, what is 5 - -115666707?
115666714
In base 9, what is 77 - -888828?
1000016
In base 9, what is -5 + -22778085?
-22778101
In base 16, what is -13 + aca03?
ac9f0
In base 2, what is -1110000011111100000011101 - 1000?
-1110000011111100000100101
In base 10, what is 1403242 + -13?
1403229
In base 15, what is 77bda5e - 5?
77bda59
In base 4, what is 130 + -10121301013?
-10121300223
In base 11, what is 77 - -214046?
214112
In base 3, what is -11 - 11201210000021?
-11201210000102
In base 11, what is 4 - 1034820?
-1034817
In base 9, what is -3046 + -18222?
-22268
In base 6, what is -104340 - -400351?
252011
In base 4, what is -1102103200101 + 10?
-1102103200031
In base 5, what is -431 - 202324202?
-202330133
In base 3, what is -12 + -220122221201102?
-220122221201121
In base 16, what is -70 - -15f6?
1586
In base 15, what is -3 - 9c7910?
-9c7913
In base 8, what is 237227 - -14317?
253546
In base 10, what is 54006 + 4549?
58555
In base 7, what is 6515 - -12341?
22156
In base 13, what is -1235ba7 - -8?
-1235b9c
In base 5, what is 42411201 - -142?
42411343
In base 14, what is 2a1a456 - 1?
2a1a455
In base 7, what is 0 + -12453056534?
-12453056534
In base 3, what is 101100001 - -22100?
101122101
In base 3, what is -1 + -1000201112011120?
-1000201112011121
In base 14, what is -1dcd741 + 9?
-1dcd736
In base 9, what is 2758772 + -6?
2758765
In base 3, what is -11000101210 - -1111?
-11000100022
In base 5, what is -2021 + -2041221?
-2043242
In base 15, what is 4 + -2a9e64e?
-2a9e64a
In base 15, what is d31a3 - 3?
d31a0
In base 5, what is -34200 - 213?
-34413
In base 14, what is 8 + 24abb7a?
24abb84
In base 7, what is 3 + -1206434542?
-1206434536
In base 15, what is 8db3 - 465?
894d
In base 6, what is 222454005 - -1?
222454010
In base 7, what is -2 + -11553150?
-11553152
In base 8, what is 4720 + 412647?
417567
In base 10, what is 112603 + -85?
112518
In base 3, what is 22211 + 1201121212012?
1201122012000
In base 14, what is -2267 + 492?
-1bb5
In base 8, what is 6171664 + -45?
6171617
In base 14, what is 46a200c - 1?
46a200b
In base 5, what is 3224414322 - 12?
3224414310
In base 16, what is -529248 + 3?
-529245
In base 5, what is 11242000433 + 4?
11242000442
In base 3, what is -10 + 101222011112121?
101222011112111
In base 14, what is 3 - 369dc57?
-369dc54
In base 6, what is -14403012231 + 5?
-14403012222
In base 16, what is 39a1 - b?
3996
In base 6, what is -10304 + 523010?
512302
In base 6, what is 1110515 - 3010?
1103505
In base 3, what is -22212211002 + -21200?
-22220002202
In base 7, what is 4222 + -15510?
-11255
In base 16, what is -77085 - -51?
-77034
In base 14, what is 6 + -1302031?
-1302029
In base 12, what is -2639b6669 + 3?
-2639b6666
In base 11, what is -17a47 - -388?
-1766a
In base 13, what is 504878 - -8b?
504936
In base 13, what is 7426c + 5aa?
74849
In base 7, what is -106061 - -44333?
-31425
In base 3, what is 1111122011 - 1000222?
1110121012
In base 3, what is 110122012111100021 + -1?
110122012111100020
In base 4, what is -321132133 - -102?
-321132031
In base 3, what is -122020201122222000 + -11?
-122020201122222011
In base 2, what is -11010001 - 110111100010110?
-110111111100111
In base 3, what is 112 + -1221200222201?
-1221200222012
In base 7, what is -1151 + 13210?
12026
In base 5, what is 11114 + 1123042?
1134211
In base 13, what is -3 - 9b6b8a9?
-9b6b8ac
In base 14, what is -3 + 2cb118?
2cb115
In base 13, what is -234 - 18358?
-1858c
In base 5, what is 41321042 + 4?
41321101
In base 14, what is 382443 - 0?
382443
In base 3, what is -22101002211022 - -122?
-22101002210200
In base 11, what is -5 + -190228a9?
-19022903
In base 16, what is 555fec9 - 3?
555fec6
In base 6, what is -5 - -1123055350?
1123055341
In base 5, what is 403 - 3143130?
-3142222
In base 2, what is -1110 + -100000110011111111010?
-100000110100000001000
In base 13, what is 0 + 28513b?
28513b
In base 16, what is -3f714 - -123?
-3f5f1
In base 12, what is 167826 + -39?
1677a9
In base 13, what is 11 + -3358cb8?
-3358ca7
In base 8, what is -11373351 + 26?
-11373323
In base 14, what is 45d95 + 58?
4600d
In base 11, what is -4 + 11909698?
11909694
In base 5, what is -10 - -1031440004?
1031434444
In base 8, what is -23265553 + -7?
-23265562
In base 11, what is -59658 - 92?
-5973a
In base 10, what is 36 + -16834498?
-16834462
In base 2, what is 111000 + 11100001111110010001?
11100001111111001001
In base 9, what is -1 - 1101470535?
-1101470536
In base 5, what is -22121331 - 140?
-22122021
In base 9, what is 4 + 16112407?
16112412
In base 3, what is 1201121220100 + 2?
1201121220102
In base 6, what is -1321405254 - -15?
-1321405235
In base 15, what is -51 - -ccc7?
cc76
In base 8, what is 105112255 - -4?
105112261
In base 3, what is -1022210111210 - -12?
-1022210111121
In base 16, what is -4 + dd7c31?
dd7c2d
In base 2, what is 10110000101101 - -100011001010001?
111001001111110
In base 14, what is -288728b + 26?
-2887265
In base 10, what is 2405 + 67861?
70266
In base 12, what is 21a472a7 + 3?
21a472aa
In base 13, what is -59 - -676b25?
676a99
In base 6, what is 21232 - -12503?
34135
In base 10, what is 1842574 - -9?
1842583
In base 12, what is 4a588373 + 2?
4a588375
In base 6, what is -11322 + 2330143?
2314421
In base 12, what is -8437 + 722a?
-1209
In base 5, what is -1 + 12214031233?
12214031232
In base 3, what is 10101200211 - 2222101?
10021201110
In base 12, what is -21 - -492b76?
492b55
In base 8, what is -77232262 - -4?
-77232256
In base 12, what is 5a91695 - 4?
5a91691
In base 7, what is -4045551 - 443?
-4046324
In base 11, what is 22405a946 - 1?
22405a945
In base 15, what is 4 - b1e464?
-b1e460
In base 4, what is 10 + -221030120320?
-221030120310
In base 5, what is -312302221 + 103?
-312302113
In base 15, what is 9dda + 3?
9ddd
In base 5, what is 2300012102 - 201?
2300011401
In base 15, what is 5c381 + -57d?
5bd03
In base 3, what is -1201001210101 - 11?
-1201001210112
In base 11, what is -1 + -2650877?
-2650878
In base 2, what is -1011 - -10000000111001111?
10000000111000100
In base 2, what is 1110001011100 + 11010011100111?
101000101000011
In ba